red thousands digit of 322401145?
4
What is the ten millions digit of 43709030?
4
What is the ten millions digit of 161436594?
6
What is the hundred thousands digit of 10802519?
8
What is the units digit of 406455614?
4
What is the hundreds digit of 550430480?
4
What is the ten thousands digit of 1542101124?
0
What is the ten thousands digit of 103462300?
6
What is the hundred millions digit of 248371409?
2
What is the millions digit of 2164951013?
4
What is the ten thousands digit of 908737119?
3
What is the units digit of 664625378?
8
What is the hundred thousands digit of 3378859310?
8
What is the millions digit of 17991420?
7
What is the millions digit of 86474217?
6
What is the ten millions digit of 195287698?
9
What is the tens digit of 14803674?
7
What is the ten millions digit of 12331143?
1
What is the ten thousands digit of 3175811535?
1
What is the hundreds digit of 5426621681?
6
What is the ten millions digit of 124264800?
2
What is the tens digit of 1216612529?
2
What is the thousands digit of 127969152?
9
What is the hundreds digit of 1372152037?
0
What is the hundred thousands digit of 306505181?
5
What is the hundred millions digit of 140217671?
1
What is the ten thousands digit of 290046544?
4
What is the ten millions digit of 34861278?
3
What is the ten millions digit of 687666963?
8
What is the hundred thousands digit of 35393953?
3
What is the hundred thousands digit of 453956542?
9
What is the hundred thousands digit of 2546568373?
5
What is the thousands digit of 86129381?
9
What is the units digit of 448446842?
2
What is the ten millions digit of 4105687191?
0
What is the ten thousands digit of 1581615683?
1
What is the hundreds digit of 554996418?
4
What is the thousands digit of 1054693857?
3
What is the hundred thousands digit of 37563726?
5
What is the hundred millions digit of 693177694?
6
What is the millions digit of 742290495?
2
What is the hundreds digit of 12277852?
8
What is the ten millions digit of 20051590?
2
What is the millions digit of 17213094?
7
What is the hundreds digit of 66083927?
9
What is the hundreds digit of 695164336?
3
What is the ten millions digit of 68657002?
6
What is the ten thousands digit of 958572337?
7
What is the ten millions digit of 286869791?
8
What is the thousands digit of 98811586?
1
What is the hundreds digit of 394020861?
8
What is the hundreds digit of 231203290?
2
What is the ten millions digit of 43991950?
4
What is the hundred millions digit of 179890489?
1
What is the millions digit of 563613221?
3
What is the thousands digit of 779436398?
6
What is the thousands digit of 6221280637?
0
What is the units digit of 550040072?
2
What is the tens digit of 395913853?
5
What is the hundred thousands digit of 1494214964?
2
What is the thousands digit of 32849496?
9
What is the millions digit of 887111118?
7
What is the hundred millions digit of 1426246539?
4
What is the units digit of 6688844377?
7
What is the ten thousands digit of 24069002?
6
What is the millions digit of 67981195?
7
What is the units digit of 9616444?
4
What is the tens digit of 122442120?
2
What is the billions digit of 3404174863?
3
What is the thousands digit of 47056215?
6
What is the thousands digit of 334674?
4
What is the millions digit of 8300282?
8
What is the ten millions digit of 161239255?
6
What is the millions digit of 1370169774?
0
What is the tens digit of 131745244?
4
What is the thousands digit of 51056936?
6
What is the units digit of 86083442?
2
What is the thousands digit of 34675866?
5
What is the tens digit of 18253956?
5
What is the hundreds digit of 337724896?
8
What is the thousands digit of 204908349?
8
What is the hundred millions digit of 1793247456?
7
What is the ten millions digit of 2036891568?
3
What is the units digit of 44919619?
9
What is the thousands digit of 394909043?
9
What is the units digit of 3920667821?
1
What is the thousands digit of 32372684?
2
What is the thousands digit of 226427022?
7
What is the hundred thousands digit of 121198490?
1
What is the thousands digit of 78819072?
9
What is the ten thousands digit of 3520316231?
1
What is the hundred thousands digit of 56126707?
1
What is the hundreds digit of 413720546?
5
What is the ten millions digit of 1608999384?
0
What is the millions digit of 11208817?
1
What is the hundred millions digit of 4061100275?
0
What is the millions digit of 7769828627?
9
What is the units digit of 796070863?
3
What is the ten thousands digit of 1547846136?
4
What is the ten thousands digit of 651750194?
5
What is the tens digit of 41002917?
1
What is the ten millions digit of 4676149275?
7
What is the millions digit of 873595476?
3
What is the units digit of 763504882?
2
What is the ten millions digit of 1821398109?
2
What is the hundreds digit of 93498752?
7
What is the hundred thousands digit of 161857502?
8
What is the thousands digit of 73552106?
2
What is the tens digit of 5748083?
8
What is the hundred thousands digit of 202981084?
9
What is the millions digit of 34340976?
4
What is the hundreds digit of 13934858?
8
What is the tens digit of 70868855?
5
What is the units digit of 4510421605?
5
What is the units digit of 34382275?
5
What is the ten millions digit of 1410290257?
1
What is the hundred thousands digit of 121192923?
1
What is the ten millions digit of 51853512?
5
What is the ten millions digit of 588602101?
8
What is the hundred thousands digit of 1923298032?
2
What is the units digit of 5121039848?
8
What is the ten thousands digit of 30132882?
3
What is the hundred thousands digit of 629749821?
7
What is the millions digit of 2147037889?
7
What is the billions digit of 2713047714?
2
What is the hundreds digit of 163723884?
8
What is the hundred thousands digit of 46889033?
8
What is the hundred thousands digit of 85072290?
0
What is the hundred thousands digit of 6613953?
6
What is the ten millions digit of 85719447?
8
What is the hundred thousands digit of 77800277?
8
What is the ten millions digit of 72873105?
7
What is the units digit of 875670769?
9
What is the hundreds digit of 126292562?
5
What is the tens digit of 41718284?
8
What is the millions digit of 2565805932?
5
What is the ten millions digit of 667037710?
6
What is the hundreds digit of 23294688?
6
What is the millions digit of 129098483?
9
What is the ten millions digit of 76456291?
7
What is the tens digit of 85781220?
2
What is the thousands digit of 12902620?
2
What is the hundred thousands digit of 6757717473?
7
What is the hundred millions digit of 233322094?
2
What is the thousands digit of 1751761758?
1
What is the billions digit of 1359049199?
1
What is the hundreds digit of 214205684?
6
What is the ten thousands digit of 716937143?
3
What is the ten millions digit of 210918875?
1
What is the units digit of 346940615?
5
What is the thousands digit of 6106351030?
1
What is the units digit of 30139723?
3
What is the hundred thousands digit of 910512015?
5
What is the hundred millions digit of 1282346709?
2
What is the ten millions digit of 433145032?
3
What is the units digit of 169656491?
1
What is the thousands digit of 306898239?
8
What is the hundred thousands digit of 20592724?
5
What is the millions digit of 1199589816?
9
What is the hundreds digit of 16833843?
8
What is the hundred thousands digit of 41669742?
6
What is the hundred thousands digit of 36800309?
8
What is the tens digit of 31162491?
9
What is the tens digit of 1572647772?
7
What is the units digit of 795781632?
2
What is the thousands digit of 1916794?
6
What is the tens digit of 86249566?
6
What is the tens digit of 4195774418?
1
What is the thousands digit of 6075262930?
2
What is the ten thousands digit of 77034542?
3
What is the ten millions digit of 252885405?
5
What is the ten millions digit of 7122541780?
2
What is the hundred millions digit of 891024380?
8
What is the tens digit of 687288217?
1
What is the tens digit of 288547444?
4
What is the ten thousands digit of 6740193?
4
What is the tens digit of 1792137622?
2
What is the millions digit of 187453433?
7
What is the tens digit of 355590978?
7
What is the thousands digit of 8452434?
2
What is the thousands digit of 311880741?
0
What is the ten thousands digit of 1881741165?
4
What is the thousands d